prime factors of (q/10)/(2/5)?
3
Let g = -13 + 34. What are the prime factors of g?
3, 7
Let v(n) = -5*n**3 + 4*n. What are the prime factors of v(-2)?
2
Let t(p) = -p**2 + 10*p + 13. Let u be t(10). Let q = u + -8. Suppose 2*k = 2*m - q*m + 32, -3*m = 3*k - 30. List the prime factors of m.
2, 3
Suppose v + 796 = 4*a + 3*v, v = -4. List the prime factors of a.
3, 67
Let a(w) = w**2 - 4*w + 4. List the prime factors of a(-8).
2, 5
List the prime factors of (-25)/(-2) - 5/(-10).
13
Suppose -5*c - 25 + 5 = 0, -86 = -3*u - c. What are the prime factors of u?
2, 3, 5
Let g(t) = 2*t**2 + 2*t + 1. Let w be g(-2). What are the prime factors of 24 - ((-5 - -2) + w)?
2, 11
Suppose o - 24 = -1. List the prime factors of o.
23
Suppose -4*u + 2*p + 222 = 0, -3*u - 2*p + 80 + 76 = 0. List the prime factors of u.
2, 3
Let p be 4 + ((-2)/1)/(-1). What are the prime factors of ((-34)/4)/((-3)/p)?
17
Let n = 16 - -1. Let w = n - 4. List the prime factors of w.
13
Let r = 103 + 18. Suppose 3*a + 5*m = r, 0 = -3*a - 2*m + 60 + 46. What are the prime factors of a?
2
Let t = 6 + 59. What are the prime factors of t?
5, 13
Suppose -2*q = 3*q. Suppose 4*o + 2*n - 8 = q, 3*o = -2*o - 5*n. Let p(b) = b + 1. What are the prime factors of p(o)?
5
Suppose -4*g + 2*d - 6 = 0, -2*d - d = 2*g - 1. What are the prime factors of 1 - g - (-3 - -2)?
3
Suppose -8*z + 7*z = -320. List the prime factors of z.
2, 5
Suppose -10 = -3*x + 2*m - 4*m, -5*x + 2*m = -6. What are the prime factors of x?
2
Suppose -b = 4*a - 151, 0*a - b + 40 = a. What are the prime factors of a?
37
List the prime factors of 3 - (-6)/3*4.
11
Let b(l) = l**3 + 11*l**2 + 1. Let k be b(-11). Suppose 11 = v - 3*o, o + 0*o = k. What are the prime factors of v?
2, 7
Let y(o) = -o + 6. Let d be y(6). Suppose d = -3*l - k - 17 + 76, 0 = -3*l - 4*k + 65. What are the prime factors of l?
19
List the prime factors of 2/6 + -3 + (-1315)/(-15).
5, 17
Suppose 8*w - 12*w = -176. List the prime factors of w.
2, 11
Let f be 7/14 + 10/(-4). Let b be -3*(1/(-1) - f). Let o = b - -15. What are the prime factors of o?
2, 3
Let v(g) = g**2 + 6*g + 1. Let f be v(-6). Let b be (f - -1) + 0 - 0. Suppose -b = 2*q, 4*q = 4*z + 2 - 42. List the prime factors of z.
3
Suppose 2*y - 4*m = 16, 18 + 11 = 3*y - m. What are the prime factors of y?
2, 5
Suppose -g = -2*g + 5*t + 169, 0 = -5*g + 3*t + 845. List the prime factors of g.
13
What are the prime factors of (-2)/10 + 1116/30?
37
Let m be (-2)/1 + 2 - -3. Suppose -m*l + 12 + 6 = 0. Suppose -t + l + 7 = 2*r, -r + 5 = 2*t. What are the prime factors of r?
7
Suppose 2*q + 66 = 2*c - 2*q, -143 = -3*c - 5*q. What are the prime factors of c?
41
Let a(t) = t**2 + 6*t - 25. What are the prime factors of a(-9)?
2
Let v be 3 + 156 - (2 - 2). Suppose 0 = -2*h - 3*k + 61, v = 5*h + 4*k - 3*k. Suppose h = 4*p + 8. What are the prime factors of p?
2, 3
Let j = -12 - -21. Suppose -j = -3*k - 0*k. Suppose 0 = -0*d - k*d + 27. What are the prime factors of d?
3
Suppose -3*u + 2*u = 0. Suppose a - 18 = -u*a - 3*v, v + 44 = 3*a. Suppose 0 = 4*y - 17 - a. List the prime factors of y.
2
Let l(d) be the first derivative of d**4/4 - 10*d**3/3 - 7*d**2/2 + 6*d - 4. List the prime factors of l(11).
2, 5
List the prime factors of (-7)/28 + 735/12.
61
Let u(q) = -q**2 - 6*q - 2. Let y be u(-4). Suppose r - y*r = -65. What are the prime factors of r?
13
Suppose -2*b = b - 108. Let y = b + -20. List the prime factors of y.
2
Let p = -7 + 102. List the prime factors of p.
5, 19
Let j(s) = -s + 1. Let w be j(-2). Suppose -2*o - 14 = 2*f - 58, w*o - 5*f = 98. What are the prime factors of o?
2, 13
Let j(y) = -y**3 - 10*y**2 - 9*y + 6. Let g be -1 - -1*(1 + -9). List the prime factors of j(g).
2, 3
What are the prime factors of ((-294)/(-4))/(102/136)?
2, 7
Let l(m) = m - 1. Let y(d) = 3*d - 3*d - d + 1. Let i(g) = -2*l(g) + y(g). What are the prime factors of i(-3)?
2, 3
Let i(j) = j**3 - 2*j**2 + 2. Let a(w) = 2*w - 4. Let k be a(3). Let h be i(k). Suppose r - 11 = 3*q, -h*q - 13 - 13 = -3*r. List the prime factors of r.
2
Let d(v) = -v + 2. Let z be d(2). Let g = -3 + z. List the prime factors of 54/g*1/(-3).
2, 3
Suppose 20 = -5*m, -5*j + 5*m + 128 = -212. List the prime factors of j.
2
What are the prime factors of 29*3/(-3)*-1?
29
Let x(f) = f**3 + 6*f**2 + 3*f - 7. List the prime factors of x(-5).
3
Let q(a) = a**3 + 14*a**2 - 39*a - 9. What are the prime factors of q(-16)?
103
Suppose -18*a + 66 = -12*a. Let q(m) = -m**3 + 3*m**2 + 3*m - 3. Let s be q(2). Suppose d - s = 2*r, a = 5*d + 2*r - 24. What are the prime factors of d?
7
Let g be (-12*2/(-3))/2. Let s = 6 - g. Suppose 2*c - 12 = -s*c. What are the prime factors of c?
3
Suppose 4*y = 4*z - 240, 3*z + y - 186 = -14. What are the prime factors of z?
2, 29
Let h(b) = b**2 - b + 2. Let q be h(0). Let a be q/(-1 + 57/55). Suppose -3*w - 2*w + a = 0. What are the prime factors of w?
11
Suppose 0 = 3*p - 2*p + 2. Let g(r) = r**3 + 4*r**2 + 2. What are the prime factors of g(p)?
2, 5
Let i = -1 + 4. Suppose -i*t - 68 - 40 = 0. Let c = t - -50. What are the prime factors of c?
2, 7
Let i(h) = -h**3 + 9*h**2 + 2*h. List the prime factors of i(8).
2, 5
Let j be (10 - 4)/((-6)/(-4)). Suppose j*q + 6 = 2. List the prime factors of (q/2)/((-1)/16).
2
Suppose -4*w = 5*x - 18, -4 - 2 = x - 4*w. What are the prime factors of (360/32)/(x/8)?
3, 5
Let h(i) = i + 18. Let q(j) = -2*j - 16. Let z be q(-11). Let v be (-4)/z + (-84)/9. What are the prime factors of h(v)?
2
Suppose 7*u = 4*u + 2*x + 59, 0 = 3*u + 3*x - 39. What are the prime factors of u?
17
Let c(w) = 18*w - 10. List the prime factors of c(4).
2, 31
Let k be ((-30)/9)/(1/(-3)). Let l = k - 3. What are the prime factors of l?
7
What are the prime factors of (3/(-2))/((-6)/780)?
3, 5, 13
Suppose -5 = t - 2*o - 3, 0 = 5*t - o - 8. Let y be (t/(-3))/((-4)/18). List the prime factors of (y/2)/((-6)/(-32)).
2
Let l be 228/2 + -6 + 3. Let k = l + -64. Suppose -k + 11 = -2*o. List the prime factors of o.
2, 3
What are the prime factors of (-81)/(-18)*(-56)/(-6)?
2, 3, 7
Let z(m) = m**2 + 7*m + 4. Let k be z(-5). What are the prime factors of ((-24)/(-10))/(k/(-20))?
2
Let s be (-6)/3*(-6)/3. Suppose -2*n + 3*b + 7 = 0, -s*n + 19 = -0*b - 5*b. What are the prime factors of n?
11
Let h(z) = -z**3 - 7*z**2 + 9*z + 7. Let u be h(-8). What are the prime factors of u/(1/(-2)) + 8?
2, 5
Suppose -4*l + 3*z = -75 - 14, -5*l + 4*z = -112. Let f be 2 + (1 - 2) - 14. Let g = f + l. What are the prime factors of g?
7
Let i = 9 - 4. Let b = i + 11. Suppose -s - 5 - 9 = 5*u, 0 = 4*u + b. List the prime factors of s.
2, 3
Suppose 3*i = i - 76. List the prime factors of (i/(-3))/(2/3).
19
Let v(j) = 0 - 5 + j**2 - 12*j + 2. Let k be v(10). Let w = k - -42. List the prime factors of w.
19
Let y(j) = -j**3 - 7*j**2 - j - 2. Let r be y(-7). Suppose -a = 3*a + 5*p - 23, -5*p = -r*a + 85. What are the prime factors of a?
2, 3
Let j(p) = -p**3 + 4*p**2 + 3*p + 3. Let q be j(4). Let k be (-6)/(-3) - (-2 - -1). Suppose 18 = k*s - q. List the prime factors of s.
11
List the prime factors of (-188)/(-6) - (-4)/6 - 1.
31
Suppose -2*d = 11 - 33. List the prime factors of d.
11
Let t(h) = -h**3 - 14*h**2 - 16*h - 14. Let s(q) = -q**2 + 5*q - 7. Let b be s(6). List the prime factors of t(b).
5
List the prime factors of (-12 - -6)*2/(-4).
3
Suppose 4*i = 10 + 58. Let g = 28 - i. List the prime factors of g.
11
Let p be 7/4 + (-3)/(-12). Suppose -12 = -3*h, -4*h = p*q - h - 8. What are the prime factors of q/(-2*1/8)?
2
Suppose t - 3*y = 0, 5*t - 2*y - 18 = 8. List the prime factors of t/(-18) + (-97)/(-3).
2
Suppose 5*s = 643 + 47. List the prime factors of s.
2, 3, 23
Let x = -51 + 71. List the prime factors of x.
2, 5
Suppose 0 = -4*l + 312 - 64. What are the prime factors of l?
2, 31
Let q(o) = 2*o**2 + 1. Suppose 2*j - 3 = -1. Let w be q(j). Suppose -12 = i - w*i. What are the prime factors of i?
2, 3
Suppose -2*a - 15 = 3*a. List the prime factors of (-14 - (2 + a))*-1.
13
Let m(h) = -21*h**3 + 2*h - 1. Let w be m(1). Let k = 46 - w. Suppose 0 = 4*b + 2 - k. What are the prime factors of b?
2
What are the prime factors of (-270)/(-8) + (-13)/(-4) + -3?
2, 17
Suppose h + f - 16 = 2*f, 0 = 3*h - f - 44. List the prime factors of h.
2, 7
Supp